y - 7. Let m be v(5). Let c(z) = z + 8. Let r be c(m). What is the units digit of r + (-2)/(-2) - 0?
2
Suppose -a = 5*t - 9, 0 = -0*t - 5*t + a + 11. Let v be (-4*2)/((-2)/t). Let w = v - 0. What is the units digit of w?
8
Suppose -2*w - 2*w = -28. Suppose -5*f = w - 72. What is the units digit of f?
3
Let w be (-1)/(-3) - (-102)/18. Suppose -w*p + 6 = -4*p. What is the units digit of p?
3
Suppose 3*g - g + 112 = 0. Let k = -34 - g. What is the units digit of k?
2
Let f(r) = r**2 + 7*r + 8. Let i be f(-6). Suppose -i*k + 21 = k. What is the units digit of k?
7
Suppose -9 = -3*w - 2*y, 0 = 4*w - y + 1 - 2. Let r = 37 - 33. Let a = r + w. What is the units digit of a?
5
Suppose -4*x - 96 = 24. Let i = 2 - x. What is the units digit of i?
2
Let t(w) = 5*w**3 - w**2 - w + 1. Suppose -5*p + 16 = -4*c, -2*p = 2*c + 3*c - 13. What is the units digit of t(c)?
4
Suppose 5*b - 25 = -0*b. Suppose b*k - 70 = -0*k. What is the tens digit of k?
1
What is the tens digit of (3 - (3 - 2))*5?
1
Let x(j) = -8*j - 7. What is the units digit of x(-3)?
7
Suppose -j + 2*m + 21 = 0, -3*m + 3 = -4*m. Let b be (13 + -1)/((-3)/(-2)). Let w = j - b. What is the units digit of w?
7
Suppose 147 = -4*p - 245. Let n be (-1 + -1)*p/4. Let s = n - 35. What is the tens digit of s?
1
Suppose 5*z = -4*a - 3, z = 3*z + 2*a. Let v(c) be the first derivative of c**3/3 + c**2/2 - 4*c - 3. What is the units digit of v(z)?
2
Suppose 0 = -2*q - s - 120, 5*q - 3*s + 300 = -0*s. Let b = q + 93. What is the tens digit of b?
3
Let r = 6 - 3. Suppose -r*c + 2 = -16. Suppose 5*s - 30 = 6*o - o, 0 = -3*s - 5*o - c. What is the units digit of s?
3
Let o(n) = -n**2 + 4*n - 1. Let y be o(3). Suppose -2*a = y + 4. Let x = -2 - a. What is the units digit of x?
1
What is the tens digit of -114*-10*(-5)/(-4*5)?
8
Suppose 63 = 3*v + 5*z, -2*v = -0*v + 2*z - 38. What is the units digit of v?
6
Suppose -a + 3*t = -0*a - 36, 270 = 5*a + 3*t. What is the tens digit of a?
5
Let r = -6 + 10. What is the units digit of r?
4
Suppose 5*o - 310 = -5*a, -3*a + 3*o + 58 = -128. What is the tens digit of a?
6
Let m = -3 - -6. Suppose 0 = -m*w + 3, 3*x + 2*w + 2*w = 22. What is the units digit of x?
6
Let i be (18/(-15))/(1/(-5)). Suppose 4*y + 3*z = 4, 5*z + i = 3*y + 3. Let n = 0 + y. What is the units digit of n?
1
What is the units digit of 91/(-7)*(-2)/1?
6
Let d = 0 + 0. Suppose 4*u - 24 - 32 = d. Let l = u + -2. What is the tens digit of l?
1
Let y = -109 + 184. What is the tens digit of y?
7
Suppose -2*p + l - 5 = -0, -p = 3*l - 15. Let b be (p - -1)/((-2)/(-14)). Suppose -17 = -2*a - 4*w + b, 4*w = 2*a + 16. What is the units digit of a?
2
Let p = -8 + 11. What is the units digit of p?
3
Let h = 4 - 5. Let n be 37/2 + h/(-2). Suppose -n = -4*s + 21. What is the units digit of s?
0
Suppose -14 = -5*r + 4*u + 22, 4*u + 24 = 2*r. Let z = r - 0. Suppose -z*n - 4*g = 0, -5*g + 4*g - 10 = -n. What is the units digit of n?
5
Suppose 0 = 5*m - 3*g - 378, 2*m + 382 = 7*m - 2*g. What is the units digit of m?
8
Let f(g) = 6*g + 4 - 2*g**2 - 2*g - g**2 + 10*g**3 - 11*g**3. What is the units digit of f(-5)?
4
Let x(f) = -f**3 - 12*f**2 - 2*f + 5. What is the units digit of x(-12)?
9
Suppose 8*l - 3*l = n, -2*l - n = 7. Let x be 24/9 - l/3. Suppose -x*r + 9 = 3*s, 3*s + r = 1 + 6. What is the units digit of s?
2
Let c(w) = 26*w - 4. Let j be c(2). Suppose r - 8 = -6*p + 2*p, -4*p + j = 3*r. What is the tens digit of r?
2
Let v(j) = 3*j**2 + 4*j - 8. What is the units digit of v(4)?
6
Let t = 13 + -20. Let k = -5 - t. What is the units digit of 16/5 + k/(-10)?
3
Let p = -4 + 3. Let j(a) = -35*a. Let z be j(p). Suppose -4*d - 5 = -2*o + 5, 0 = 3*o - d - z. What is the tens digit of o?
1
Let a(v) = v + 1. Let p = -18 + 25. What is the units digit of a(p)?
8
Suppose -h + 30 = -5*v + 4*v, -2*h + 64 = 2*v. Let k = h + -13. What is the units digit of k?
8
Let r(i) = i**2 + 4*i - 7. What is the tens digit of r(5)?
3
Suppose -2*l + 17 + 23 = 0. What is the tens digit of l?
2
Let h = -302 - -460. What is the tens digit of h?
5
Let f(k) = 10*k**2 + 7*k - 16. What is the hundreds digit of f(4)?
1
Suppose -2*a + 5*x + 41 + 26 = 0, 5*a - 4*x - 125 = 0. Suppose -2*z = z - a. What is the units digit of 2/(-4) - z/(-2)?
3
Let k(x) = 3*x**3 + x**2 - x - 1. Let j be k(-1). Let n = 0 - j. Suppose -n*y + 30 = y. What is the tens digit of y?
1
Suppose -4*z = g + 12, 3*z = -2*g - 2 + 3. What is the units digit of g?
8
Let l(p) be the second derivative of p**4/12 - 5*p**2/2 + p. What is the tens digit of l(-4)?
1
Suppose -2*r = r - 96. Let n = r - 19. Suppose -20 = -4*l + 3*b + n, -3*l = -2*b - 25. What is the units digit of l?
9
Let g = 7 - 11. What is the tens digit of -5*(g - -1)*3?
4
Let q = 121 + 21. What is the hundreds digit of q?
1
Let k = 13 - 7. Let z be (5 + -2)/(3/k). What is the units digit of z/(10/4 + -1)?
4
Let u(d) = -d**3 + 14*d**2 + 16*d + 5. Let g be u(15). Let h = 26 - g. What is the units digit of h?
6
Let c(o) = 2*o**2 + o + 3. Let b be c(-3). Suppose 0 = -4*u - b - 10. Let g = 15 + u. What is the units digit of g?
8
Suppose 27 = 3*k - 3*l, 0 = 3*k + 3*l - 4*l - 29. What is the units digit of k?
0
Let h = 211 - 46. What is the tens digit of h?
6
Suppose 2296 = 11*c - 4*c. What is the hundreds digit of c?
3
Suppose 5*v = 95 + 2080. What is the hundreds digit of v?
4
Let j be (-1 - -6)*9/15. Suppose 0*k - j*k = 15. Let r(z) = -z - 2. What is the units digit of r(k)?
3
Suppose 15 = 4*o - 5. Suppose 1 = -o*l + 6. What is the units digit of l?
1
Let g(r) = -8*r + 7. What is the units digit of g(-2)?
3
What is the units digit of (-2)/(50/265)*-15?
9
Let m(f) = f**3 + 3*f**2 - 4*f + 2. Let a be m(-4). What is the units digit of (-2)/(-3)*15 - a?
8
Let z be (0 + -2)*-1 + 94. Suppose -3*w - 5*x = -z, 2*x - 5*x - 72 = -3*w. Suppose 0 = 4*g - 5*p + 3*p - 42, 4*g + p = w. What is the units digit of g?
8
Let v = 17 - 7. Suppose v = 5*z - 35. What is the units digit of z?
9
Let g be -6*((-13 - 2) + 1). Suppose y + g = 4*y. What is the tens digit of y?
2
Let m(l) = 4*l - 6. Let j be (-4)/((-9)/4 + 2). Suppose -8 = -5*r - w + 4*w, j = r + 3*w. What is the units digit of m(r)?
0
Let p(r) = 2*r**2 + 4. Let m be p(-4). Suppose 10 = -4*b - 2*v + m, 2*b = 4*v + 38. What is the units digit of b?
9
Let v(c) = c**2 - 5*c + 4. Let w be v(6). Suppose 5*d - w - 10 = 0. What is the units digit of d?
4
Let m = 101 + -226. Let o = -73 - m. What is the tens digit of o?
5
Let d = 2 + -1. Suppose 4*k - d = r + 26, -4*k + 31 = 3*r. Suppose -k + 27 = 2*i. What is the units digit of i?
0
Suppose 0*j = -4*q - 2*j + 24, 4*q = -j + 26. What is the units digit of q?
7
Suppose -5*q - l - 93 = 75, 0 = -4*q + 4*l - 120. Let i = -18 - q. What is the units digit of i?
5
Let g(c) = -c**2 + 13*c + 8. Let z(i) = -2*i**2 + 27*i + 17. Let d(w) = 13*g(w) - 6*z(w). Let u be d(7). Suppose 14 - u = 4*q. What is the units digit of q?
3
What is the units digit of (2 + -6 - -3)*-17?
7
Let k = 11 + -19. Let o = k - -20. What is the units digit of o?
2
Let c be (4/12)/(1/66). Let g = -9 + c. What is the tens digit of g?
1
Let j(i) = -2*i - 2. Let z be (-6)/9 + 30/(-9). What is the units digit of j(z)?
6
Let v = -4 + 16. Let w be v/9 - (-1)/(-3). Suppose 2*h + w = 3*h. What is the units digit of h?
1
Suppose -5*f = 5*m - 4*m + 1, -5 = 5*m + 2*f. Suppose 6*l - 4*l = 4. Let h = m + l. What is the units digit of h?
1
Let g = 11 + 5. What is the units digit of 7/(28/g) - -2?
6
Suppose -3*s + 3*i + 3 = 0, 0*s + 2 = 2*s + 3*i. What is the units digit of s?
1
Let l = -6 + 1. Let u = l + 15. What is the units digit of (u/(-3))/(10/(-15))?
5
Suppose -3*m = -2*d + 195, -3*d - 116 = -3*m - 407. What is the units digit of d?
6
Let v be 2 - 1 - -1 - 2. Suppose -2*x = -5*s + 38, -28 = -4*s - v*s + x. Suppose -30 = -4*h - s. What is the units digit of h?
6
Let p(z) = 5*z**2 + 4*z + 11. Let s be p(-5). Suppose 2*w - 6*w + s = 0. What is the units digit of w?
9
What is the units digit of (34/(-4))/(-6 + (-71)/(-12))?
2
Suppose -4*d - d + 4*m = -29, -d = 5*m. Let b = 13 + -9. Suppose 0*l - 2*l + d*j = 0, b*l - 4*j = 12. What is the units digit of l?
5
Suppose -5*r = -4 - 6. What is the units digit of r?
2
What is the hundreds digit of -3 - (2 - 1)*-207?
2
Let u be (-6)/(-15) + (-261)/15. Let 